at is the ten thousands digit of l?
5
Suppose 3*d + 9720 = 5*o, -3*d = -3*o + 4530 + 1302. Suppose 2*w = -5*a - 0*w + 3247, 3*a - o = 3*w. What is the units digit of a?
9
What is the tens digit of (66674/51)/(2/9)?
8
What is the hundreds digit of ((-76)/(-171) + (-483)/54)*-30?
2
Let t(a) = -13*a**2 - 19*a + 15. Let f(c) = 7*c**2 + 9*c - 8. Let p(s) = 11*f(s) + 6*t(s). Let i = -63 + 56. What is the tens digit of p(i)?
5
Let r(l) = 37*l**3 - 7*l**2 + 10*l - 9. Let n be r(5). What is the tens digit of ((8/12)/2)/(3/n)?
9
Let v = -6902 - -20336. What is the thousands digit of v?
3
Let q(z) = -z**2 - z + 199. Suppose -v = -b - 0*v + 4, -5*b = 2*v + 15. Let y be 0/(-3 + (-2)/b). What is the hundreds digit of q(y)?
1
Let r = 1074 + -488. What is the tens digit of r?
8
Let g = 14746 + -5307. What is the tens digit of g?
3
Let f = -5819 + 20294. What is the units digit of f?
5
Let r(m) = 744*m**3 + m**2 + 4*m - 10. What is the hundreds digit of r(2)?
9
Let z(p) be the second derivative of -p**5/20 - 11*p**4/6 - 5*p**3 + 5*p**2/2 + 31*p + 1. What is the hundreds digit of z(-22)?
6
Let w(j) = 64 - 81 + 28*j + 53 + 31*j. What is the units digit of w(6)?
0
What is the ten thousands digit of (-208)/(-39) - 747541/(-51)?
1
Suppose 0 = 4*y - 4*g - 20, 6*y + 2 = 4*y + 5*g. What is the tens digit of (1449/(-2))/(-7) - y/6?
0
Let a be (-3)/3 + (-38)/2. What is the units digit of 5/a*-3676 - 0/(-2)?
9
Let u = -9 - 15. Let q = u - -108. What is the units digit of -10*(-4)/10 + q?
8
Suppose 0 = 17*i - 19*i. Suppose 0 = -i*t - 3*t + t. What is the hundreds digit of (t - 52)*(3 - (-77)/(-14))?
1
Let s be 38/7 + 78/(-182). Suppose -2*c - 2*w + 720 = 0, 827 + 293 = 3*c - s*w. What is the tens digit of c?
6
Let t(h) = h**2 + 2*h - 8. Let z be t(2). Let k = z - -6. What is the units digit of k?
6
Suppose 5*x - 102692 = 4*l, -4*x - 2*l + 31677 + 50487 = 0. What is the hundreds digit of x?
5
Let g = 64 - 46. Suppose 4*y = g*y - 4858. What is the hundreds digit of y?
3
What is the thousands digit of (16 - 76/4)/(2 + 10787/(-5393))?
6
Suppose -2042 = -2*o + 26*k - 30*k, -5*k = 2*o - 2044. What is the hundreds digit of o?
0
Let c(k) = 11447*k - 11466. What is the tens digit of c(9)?
5
Let v(y) be the first derivative of 17*y + 1/4*y**4 + 0*y**2 - 2/3*y**3 - 14. What is the units digit of v(5)?
2
Suppose -5*r - 5*y + 35 = 0, -r - 2*y = 2*y + 5. Let i(u) = -u**3 + 14*u**2 + 12*u - 12. What is the tens digit of i(r)?
8
Suppose x + 4*i - 3*i + 11 = 0, 4*i = -4. What is the units digit of (28/(-8) + -4)*264/x?
8
Let i be (-2 + -667)/(-7 + 6). Suppose -33 + i = 3*w. Suppose w = 2*n - 82. What is the hundreds digit of n?
1
Let j = 3123 - 1543. What is the hundreds digit of ((21/4)/(-7))/((-5)/j)?
2
Let m = 283 - -8250. What is the units digit of m?
3
Suppose 7*g - s - 32 = 3*g, 4*g - 32 = 2*s. Let k be (g/12)/(4/654). Let a = k + 4. What is the tens digit of a?
1
Suppose 6 + 18 = -4*k. What is the units digit of 2*(k + -1 - -137)?
0
Let p(l) be the second derivative of 65*l**3/6 - 53*l**2/2 + 4*l + 6. What is the hundreds digit of p(7)?
4
What is the tens digit of 8912/(-4)*(-54)/12 - (-9 - -4)?
3
Let g be (-2)/(-20)*-6 + (-2829)/(-15). Let o be 15*2*(-1)/5. What is the tens digit of (-3)/(o/g + 0)?
9
Suppose 21*x - 26*x + 70486 = 2*t, -105729 = -3*t + x. What is the tens digit of t?
4
Let x = -42 - -30. Let p be ((-8)/(-14))/(x/(-42))*-92. Let h = p - -315. What is the units digit of h?
1
Suppose -161 = -r - 37. Suppose 75*k - 72*k = -39. Let h = r + k. What is the units digit of h?
1
Let v = -260 + 263. What is the units digit of ((-3)/1)/v - 111/(-1)?
0
What is the units digit of 52/117 - (-1695188)/198?
2
Suppose 22*k - 5 = 83. Suppose -2*o + 1008 = -4*h, h - 217 + 2233 = k*o. What is the hundreds digit of o?
5
Let r = 137 - 118. Let y(l) = l**2 - 15*l + 78. What is the hundreds digit of y(r)?
1
Let n(f) = 2*f - 11. Let i be n(13). Let q be -5*(-3)/i*-9. Let g(s) = s**2 + 5*s - 2. What is the units digit of g(q)?
4
Let g be 2 - (36/(-8))/(1/(-6)). What is the tens digit of (30/g)/((-4)/1220)?
6
Suppose -2*o + 480 = 3*o. Let x(h) = h**2 - 120*h - 885. Let c be x(-7). Suppose 3*v = c*v - o. What is the units digit of v?
6
Suppose 25 = m + 23. Let t(c) = 225*c - 4. What is the hundreds digit of t(m)?
4
Let d = -62 - -67. Let s = -3 + d. Suppose -o + 0*k = -s*k + 3, -5*k = -o - 18. What is the units digit of o?
7
Let l be 5/((-1 - -4)*(-5)/(-1935)). Let p = -129 + l. What is the units digit of p?
6
Suppose 3948 = 5*i + 4*g + 244, -2*g + 2 = 0. What is the tens digit of -12*(-1)/4 + i?
4
Let b = -165 - -170. Suppose -3*r = 4*o - 914, b*o + 2*r = 1217 - 78. What is the hundreds digit of o?
2
Let g = 29198 + 6306. What is the units digit of 2/(-6) + 6 + g/42?
1
What is the ten thousands digit of 194/1*336/(10 + -4)?
1
What is the units digit of (-619399)/(-7) + (3750/(-175))/(-50)?
6
Let j(s) = 34*s**2 + 24*s + 87. Suppose 12 + 52 = -16*m. What is the hundreds digit of j(m)?
5
Let q be 0 - 62 - (-17 + 17). Let k = 175 + q. What is the units digit of k?
3
Let w(m) = -m**2 + 24*m - 42. Let v be w(22). Suppose 8 = v*r, 5*r + 4325 = -3*o + 8*o. What is the tens digit of o?
6
Suppose 0 = 6*l - 332 - 1540. Suppose 3*x - 168 = l. What is the hundreds digit of x?
1
Suppose 11*z = 7*z + 4, 6 = -2*k - 2*z. What is the units digit of k + 11 + (-3 - -754)?
8
Let n be ((-16)/(-32))/(((-2)/20)/1). Suppose y + 3*h = 7, 3 = 3*y + 3*h - 0. What is the tens digit of (1 - (y + n))*2?
1
Suppose v + 3*x + 423 = 0, -3*v - 4*x = -v + 846. Let n = 698 + v. What is the tens digit of n?
7
Suppose -183 = 3*q - 57. Let r = 29 + q. Let y(l) = -l**3 - 13*l**2 - 7*l + 9. What is the hundreds digit of y(r)?
1
Let a(j) be the third derivative of -j**4 - 5*j**3/6 - 685*j**2. Suppose w - 7 = t + t, -3*w = -t - 1. What is the units digit of a(t)?
1
Let w be (3 - (4 + (4 - 1)))*-1. Suppose -5*y - w*y + 117 = 0. Suppose 44*b = 45*b - y. What is the units digit of b?
3
Let f = 128 + -67. Let v = f - 59. Suppose 2*b - 46 = m, m = 3*b - v*m - 63. What is the units digit of b?
5
Suppose 48*o - 28065 = 324495. What is the hundreds digit of o?
3
Suppose 241*w = 237*w - 4388. Let b = w - -1997. What is the hundreds digit of b?
9
Let a(g) = 2895*g**2 + 42*g - 1. What is the hundreds digit of a(-1)?
8
Let k(v) = 5*v - 10. Let t be k(4). Let u(c) = -5*c + t - 3*c + 2*c**2 + 1. What is the units digit of u(6)?
5
Suppose 3*w + 499 = -2*j - 3166, -4*j - 2*w = 7310. Let r = 3213 + j. What is the thousands digit of r?
1
Let w be 14890/15*6/4. Let n = 2168 - w. What is the hundreds digit of n?
6
Suppose -289733 = -13*t + 8142 + 28204. What is the units digit of t?
3
Let o be 21/(168/16)*27/6. Let k = 7 + -4. What is the units digit of k - (-30)/4 - o/6?
9
Let x(u) = -u. Let i be x(-2). Let v = 720 + -615. Suppose -i*n = 3*w - 117, w + v = 6*n - 4*n. What is the units digit of n?
4
Let w = -1438 + 5421. What is the units digit of w?
3
Let y be (-2)/(-6) + (-24442)/(-33). Suppose d = 5*v + y, 7*d = 2*d + 5*v + 3725. Suppose 3*m - 91 = d. What is the tens digit of m?
7
Let b(f) = 21*f + 2. Let t be b(-3). Suppose 0 = 9*l + 4*l - 2106. Let m = l + t. What is the units digit of m?
1
Let z = 2866 - -4708. Suppose 12*v - 1786 - z = 0. What is the tens digit of v?
8
Suppose -15 = -3*s, -5*s = b - 2284 + 854. What is the thousands digit of b?
1
Let v(u) = 3*u + 36. Let b be v(8). Suppose -56*w - 2080 = -b*w. Let q = 737 - w. What is the hundreds digit of q?
2
Suppose -b - 11*o + 16*o = -22, o - 4 = -b. What is the tens digit of 111780/252 - (-1)/b*-4?
4
Let u be 6/3 + -2 - -2. Suppose 0 = u*v + c - 737, 1844 = 5*v + 4*c - 2*c. What is the tens digit of v?
7
Suppose 5*c = 5*p + 87189 + 81111, -2*c = 2*p - 67292. What is the thousands digit of c?
3
Suppose -3*q + d + 1975 = -0*q, 4*q - 2616 = -3*d. Let i = -319 + q. What is the hundreds digit of i?
3
Suppose 2*w - 5 = -1. Suppose 0 = -w*g - g. Suppose -x = -4*l - 98, -3*x + g*x + l = -327. What is the units digit of x?
0
Let d(z) = z**3 - 3*z**2 - 33*z - 2. Let x(y) = -2*y**3 + 3*y**2 + 32*y + 3. Let b(h) = -3*d(h) - 2*x(h). What is the hundreds digit of b(7)?
7
What is the ten thousands digit of (-6)/33*(-150957 + 26)?
2
What is the hundreds digit of (-24156)/(-2) + ((-6)/48)/(9/(-360))?
0
Su